{"id":8315,"date":"2021-05-17T17:50:52","date_gmt":"2021-05-17T15:50:52","guid":{"rendered":"https:\/\/www.nordseestemplerin.de\/?page_id=8315"},"modified":"2024-08-02T10:42:54","modified_gmt":"2024-08-02T08:42:54","slug":"wie-kannst-du-bestellen","status":"publish","type":"page","link":"https:\/\/www.nordseestemplerin.de\/index.php\/bestellungen\/wie-kannst-du-bestellen\/","title":{"rendered":"Wie kannst du bestellen?"},"content":{"rendered":"\t\t<div data-elementor-type=\"wp-page\" data-elementor-id=\"8315\" class=\"elementor elementor-8315\">\n\t\t\t\t\t\t<section class=\"elementor-section elementor-top-section elementor-element elementor-element-49f0cefe elementor-section-boxed elementor-section-height-default elementor-section-height-default\" data-id=\"49f0cefe\" data-element_type=\"section\" data-e-type=\"section\">\n\t\t\t\t\t\t<div class=\"elementor-container elementor-column-gap-default\">\n\t\t\t\t\t<div class=\"elementor-column elementor-col-100 elementor-top-column elementor-element elementor-element-2f947aec\" data-id=\"2f947aec\" data-element_type=\"column\" data-e-type=\"column\">\n\t\t\t<div class=\"elementor-widget-wrap\">\n\t\t\t\t\t\t\t<\/div>\n\t\t<\/div>\n\t\t\t\t\t<\/div>\n\t\t<\/section>\n\t\t\t\t<section class=\"elementor-section elementor-top-section elementor-element elementor-element-e5ecbf3 elementor-section-boxed elementor-section-height-default elementor-section-height-default\" data-id=\"e5ecbf3\" data-element_type=\"section\" data-e-type=\"section\">\n\t\t\t\t\t\t<div class=\"elementor-container elementor-column-gap-default\">\n\t\t\t\t\t<div class=\"elementor-column elementor-col-100 elementor-top-column elementor-element elementor-element-919d606\" data-id=\"919d606\" data-element_type=\"column\" data-e-type=\"column\">\n\t\t\t<div class=\"elementor-widget-wrap elementor-element-populated\">\n\t\t\t\t\t\t\t<\/div>\n\t\t<\/div>\n\t\t\t\t\t<\/div>\n\t\t<\/section>\n\t\t\t\t<section class=\"elementor-section elementor-top-section elementor-element elementor-element-c895646 elementor-section-boxed elementor-section-height-default elementor-section-height-default\" data-id=\"c895646\" data-element_type=\"section\" data-e-type=\"section\">\n\t\t\t\t\t\t<div class=\"elementor-container elementor-column-gap-default\">\n\t\t\t\t\t<div class=\"elementor-column elementor-col-100 elementor-top-column elementor-element elementor-element-1b54a9a\" data-id=\"1b54a9a\" data-element_type=\"column\" data-e-type=\"column\">\n\t\t\t<div class=\"elementor-widget-wrap elementor-element-populated\">\n\t\t\t\t\t\t<div class=\"elementor-element elementor-element-5c2055d elementor-widget elementor-widget-text-editor\" data-id=\"5c2055d\" data-element_type=\"widget\" data-e-type=\"widget\" data-widget_type=\"text-editor.default\">\n\t\t\t\t<div class=\"elementor-widget-container\">\n\t\t\t\t\t\t\t\t\t<div>\u00a0<\/div><h2 style=\"text-align: center;\"><strong>Wie kann ich Produkte von Stampin\u2019Up! bestellen<\/strong><\/h2><div><p>Diese sind \u00fcber eine Stampin\u2019Up! Beraterin wie ich bestell bar. Da die Produkte im\u00a0 Direktvertrieb angeboten <br \/>werden und nicht im Einzelhandel zu bestellen gibt.<\/p><p>Ich werde dir nat\u00fcrlich gern mit Rat und Tat dabei helfen <br \/>die ben\u00f6tigen Materialien f\u00fcr deine Projekte oder welche<br \/>Dinge ich dir f\u00fcr den Start ins neue Stempelhobby empfehlen w\u00fcrde.<\/p><p>Den Katalog bekommst du von mir vorab per Email <br \/>oder du schaust gleich in die PDF Version unter der Seite <br \/>Kataloge.<\/p><p>Wenn du Stampin\u2019Up! bestellen m\u00f6chtest, hast du folgende M\u00f6glichkeiten:<br \/><strong>\u00a0<br \/>Direktbestellung \/ Einzelbestellung<\/strong> bei mir, es fallen 7,95 \u20ac Versandkosten durch Stampin\u2019Up! an, <br \/>die ich weiterberechne<br \/>Deine Bestellung sende mir bitte am besten per Email an <a href=\"mailto:Info@nordseestemplerin.de\"><strong>Info@nordseestemplerin.de<\/strong><\/a><\/p><p><strong>Sammelbestellung und seine Termine:<\/strong><br \/>Hier bestelle ich f\u00fcr dich sowie f\u00fcr andere Besteller, <br \/>\u00a0diese werden gesammelt und dadurch reduzieren sich die<br \/>\u00a0Versandkosten.\u00a0 Unter 100 Euro berechne ich nur die tats\u00e4chlichen<br \/>\u00a0zu dir anfallende Versandkosten oder du holst die Ware bei mir ab, <br \/>\u00a0dann ist es f\u00fcr dich komplett kostenlos.<\/p><p><strong>Bestelltermine:\u00a0<\/strong> <br \/>Werde ich jeden Monat neu bekannt geben , weil ich auf einzelnen Aktionen, diese dann ber\u00fccksichtigen werde. <br \/>Auf jedem Fall am Anfang und Mitte des Monats. Der Versand\u00a0 ist nur innerhalb Deutschland m\u00f6glich.<\/p><p><strong>Im Onlineshop kannst du direkt bestellen (Voraussetzung: PayPal \/ Kreditkarte )<\/strong><\/p><p>https:\/\/www.stampinup.de\/<\/p><\/div><div>\u00a0<\/div><h6><strong>Brauchst du einen aktuellen Stampin&#8217;Up! Katalog? Melde dich gerne\u00a0 bei mir unter<\/strong><br \/><strong>WhatsApp: 017646054419 oder <br \/>Email: <\/strong><a href=\"mailto:Info@nordseestemplerin.de\"><strong>Info@nordseestemplerin.de<\/strong><\/a><\/h6><p>Den aktuellen Katalog bekommst du von mir automatisch, wenn du schon<br \/>bei mir Kunde\/in bist.\u00a0 \u00a0 \u00a0\u00a0<\/p>\t\t\t\t\t\t\t\t<\/div>\n\t\t\t\t<\/div>\n\t\t\t\t\t<\/div>\n\t\t<\/div>\n\t\t\t\t\t<\/div>\n\t\t<\/section>\n\t\t\t\t<\/div>\n\t\t","protected":false},"excerpt":{"rendered":"<p>\u00a0 Wie kann ich Produkte von Stampin\u2019Up! bestellen Diese sind \u00fcber eine Stampin\u2019Up! Beraterin wie ich bestell bar. Da die Produkte im\u00a0 Direktvertrieb angeboten werden und nicht im Einzelhandel zu bestellen gibt. Ich werde dir nat\u00fcrlich gern mit Rat und Tat dabei helfen die ben\u00f6tigen Materialien f\u00fcr deine Projekte oder welcheDinge ich dir f\u00fcr den [&hellip;]<\/p>\n","protected":false},"author":2,"featured_media":0,"parent":8301,"menu_order":1,"comment_status":"closed","ping_status":"closed","template":"","meta":{"ocean_post_layout":"full-screen","ocean_both_sidebars_style":"","ocean_both_sidebars_content_width":0,"ocean_both_sidebars_sidebars_width":0,"ocean_sidebar":"0","ocean_second_sidebar":"0","ocean_disable_margins":"on","ocean_add_body_class":"","ocean_shortcode_before_top_bar":"","ocean_shortcode_after_top_bar":"","ocean_shortcode_before_header":"","ocean_shortcode_after_header":"","ocean_has_shortcode":"","ocean_shortcode_after_title":"","ocean_shortcode_before_footer_widgets":"","ocean_shortcode_after_footer_widgets":"","ocean_shortcode_before_footer_bottom":"","ocean_shortcode_after_footer_bottom":"","ocean_display_top_bar":"off","ocean_display_header":"on","ocean_header_style":"minimal","ocean_center_header_left_menu":"0","ocean_custom_header_template":"0","ocean_custom_logo":0,"ocean_custom_retina_logo":0,"ocean_custom_logo_max_width":0,"ocean_custom_logo_tablet_max_width":0,"ocean_custom_logo_mobile_max_width":0,"ocean_custom_logo_max_height":0,"ocean_custom_logo_tablet_max_height":0,"ocean_custom_logo_mobile_max_height":0,"ocean_header_custom_menu":"155","ocean_menu_typo_font_family":"0","ocean_menu_typo_font_subset":"","ocean_menu_typo_font_size":0,"ocean_menu_typo_font_size_tablet":0,"ocean_menu_typo_font_size_mobile":0,"ocean_menu_typo_font_size_unit":"px","ocean_menu_typo_font_weight":"","ocean_menu_typo_font_weight_tablet":"","ocean_menu_typo_font_weight_mobile":"","ocean_menu_typo_transform":"","ocean_menu_typo_transform_tablet":"","ocean_menu_typo_transform_mobile":"","ocean_menu_typo_line_height":0,"ocean_menu_typo_line_height_tablet":0,"ocean_menu_typo_line_height_mobile":0,"ocean_menu_typo_line_height_unit":"","ocean_menu_typo_spacing":0,"ocean_menu_typo_spacing_tablet":0,"ocean_menu_typo_spacing_mobile":0,"ocean_menu_typo_spacing_unit":"","ocean_menu_link_color":"","ocean_menu_link_color_hover":"","ocean_menu_link_color_active":"","ocean_menu_link_background":"","ocean_menu_link_hover_background":"","ocean_menu_link_active_background":"","ocean_menu_social_links_bg":"","ocean_menu_social_hover_links_bg":"","ocean_menu_social_links_color":"","ocean_menu_social_hover_links_color":"","ocean_disable_title":"on","ocean_disable_heading":"default","ocean_post_title":"","ocean_post_subheading":"","ocean_post_title_style":"","ocean_post_title_background_color":"","ocean_post_title_background":0,"ocean_post_title_bg_image_position":"","ocean_post_title_bg_image_attachment":"","ocean_post_title_bg_image_repeat":"","ocean_post_title_bg_image_size":"","ocean_post_title_height":0,"ocean_post_title_bg_overlay":0.5,"ocean_post_title_bg_overlay_color":"","ocean_disable_breadcrumbs":"off","ocean_breadcrumbs_color":"","ocean_breadcrumbs_separator_color":"","ocean_breadcrumbs_links_color":"","ocean_breadcrumbs_links_hover_color":"","ocean_display_footer_widgets":"default","ocean_display_footer_bottom":"off","ocean_custom_footer_template":"9482","jetpack_post_was_ever_published":false,"footnotes":""},"class_list":["post-8315","page","type-page","status-publish","hentry","entry"],"jetpack_likes_enabled":true,"jetpack_sharing_enabled":true,"_links":{"self":[{"href":"https:\/\/www.nordseestemplerin.de\/index.php\/wp-json\/wp\/v2\/pages\/8315","targetHints":{"allow":["GET"]}}],"collection":[{"href":"https:\/\/www.nordseestemplerin.de\/index.php\/wp-json\/wp\/v2\/pages"}],"about":[{"href":"https:\/\/www.nordseestemplerin.de\/index.php\/wp-json\/wp\/v2\/types\/page"}],"author":[{"embeddable":true,"href":"https:\/\/www.nordseestemplerin.de\/index.php\/wp-json\/wp\/v2\/users\/2"}],"replies":[{"embeddable":true,"href":"https:\/\/www.nordseestemplerin.de\/index.php\/wp-json\/wp\/v2\/comments?post=8315"}],"version-history":[{"count":32,"href":"https:\/\/www.nordseestemplerin.de\/index.php\/wp-json\/wp\/v2\/pages\/8315\/revisions"}],"predecessor-version":[{"id":14132,"href":"https:\/\/www.nordseestemplerin.de\/index.php\/wp-json\/wp\/v2\/pages\/8315\/revisions\/14132"}],"up":[{"embeddable":true,"href":"https:\/\/www.nordseestemplerin.de\/index.php\/wp-json\/wp\/v2\/pages\/8301"}],"wp:attachment":[{"href":"https:\/\/www.nordseestemplerin.de\/index.php\/wp-json\/wp\/v2\/media?parent=8315"}],"curies":[{"name":"wp","href":"https:\/\/api.w.org\/{rel}","templated":true}]}}